{"id":388,"date":"2021-03-31T14:20:52","date_gmt":"2021-03-31T14:20:52","guid":{"rendered":"https:\/\/www.wlamparski.pl\/?page_id=388"},"modified":"2021-03-31T14:40:51","modified_gmt":"2021-03-31T14:40:51","slug":"polityka-prywatnosci","status":"publish","type":"page","link":"https:\/\/www.wlamparski.pl\/?page_id=388","title":{"rendered":"Polityka prywatno\u015bci"},"content":{"rendered":"\n<h2 class=\"wp-block-heading\">\u00a7.1 Postanowienia Og\u00f3lne<\/h2>\n\n\n\n<ol class=\"wp-block-list\"><li>Administratorem danych jest Waldemar Lamparski ul. Farna 1, 89- 400 S\u0119p\u00f3lno Kraje\u0144skie. Ochrona danych odbywa si\u0119 zgodnie z wymogami powszechnie obowi\u0105zuj\u0105cych przepis\u00f3w prawa, a ich przechowywanie ma miejsce na zabezpieczonych serwerach firmy kru.pl.<\/li><li>Na potrzeby lepszego odbioru Polityki Prywatno\u015bci termin \u201eU\u017cytkownik\u201d zast\u0105piony zosta\u0142 okre\u015bleniem \u201eTy\u201d, \u201eAdministrator\u201d \u2013 \u201eMy\u201d.\u00a0\u00a0Termin \u201eRODO\u201d oznacza Rozporz\u0105dzenie Parlamentu Europejskiego i Rady (UE) 2016\/679 z dnia 27 kwietnia 2016 r. w sprawie ochrony os\u00f3b fizycznych w zwi\u0105zku z przetwarzaniem danych osobowych i w sprawie swobodnego przep\u0142ywu takich danych oraz uchylenia dyrektywy 95\/46\/WE.<\/li><li>Szanujemy prawo do prywatno\u015bci i dbamy o bezpiecze\u0144stwo danych. W tym celu u\u017cywany jest m.in. bezpieczny protok\u00f3\u0142 szyfrowania komunikacji (SSL).<\/li><li>Dane osobowe podawane w formularzu kontaktowym s\u0105 traktowane jako poufne i nie s\u0105 widoczne dla os\u00f3b nieuprawnionych.<\/li><\/ol>\n\n\n\n<h2 class=\"wp-block-heading\">\u00a72. Administrator Danych<\/h2>\n\n\n\n<p>1. Us\u0142ugodawca jest administratorem danych swoich czytelnik\u00f3w. Oznacza to, \u017ce je\u015bli skontaktujesz si\u0119 z nami, to przetwarzamy Twoje dane jak: imi\u0119 i nazwisko (b\u0105d\u017a numer telefonu).<\/p>\n\n\n\n<p>2. Dane osobowe przetwarzane s\u0105:<\/p>\n\n\n\n<ul class=\"wp-block-list\"><li>zgodnie z przepisami dotycz\u0105cymi ochrony danych osobowych,<\/li><li>zgodnie z wdro\u017con\u0105 Polityk\u0105 Prywatno\u015bci,<\/li><li>w zakresie i celu niezb\u0119dnym do nawi\u0105zania, ukszta\u0142towania tre\u015bci Umowy, zmiany b\u0105d\u017a jej rozwi\u0105zania oraz prawid\u0142owej realizacji Us\u0142ug \u015bwiadczonych drog\u0105 elektroniczn\u0105,<\/li><li>w zakresie i celu niezb\u0119dnym do wype\u0142nienia uzasadnionych interes\u00f3w (prawnie usprawiedliwionych cel\u00f3w), a przetwarzanie nie narusza praw i wolno\u015bci osoby, kt\u00f3rej dane dotycz\u0105.<\/li><\/ul>\n\n\n\n<p>3. Ka\u017cda osoba, kt\u00f3rej dane dotycz\u0105 (je\u017celi jeste\u015bmy ich administratorem) ma prawo dost\u0119pu do danych, sprostowania, usuni\u0119cia lub ograniczenia przetwarzania, prawo sprzeciwu, prawo wniesienia skargi do organu nadzorczego.<\/p>\n\n\n\n<p>4. Kontakt z osob\u0105 nadzoruj\u0105c\u0105 przetwarzanie danych osobowych w organizacji Us\u0142ugodawcy jest mo\u017cliwy na <a href=\"https:\/\/www.wlamparski.pl\/?page_id=102\" data-type=\"URL\" data-id=\"https:\/\/www.wlamparski.pl\/?page_id=102\">tej podstronie.<\/a><\/p>\n\n\n\n<p>5. Zastrzegamy sobie prawo do przetwarzania Twoich danych po rozwi\u0105zaniu Umowy lub cofni\u0119ciu zgody tylko w zakresie na potrzeby dochodzenia ewentualnych roszcze\u0144 przed s\u0105dem lub je\u017celi przepisy krajowe albo unijne, b\u0105d\u017a prawa mi\u0119dzynarodowego obliguj\u0105 nas do retencji danych.<\/p>\n\n\n\n<p>6. Us\u0142ugodawca ma prawo udost\u0119pnia\u0107 dane osobowe U\u017cytkownika oraz innych jego danych podmiotom upowa\u017cnionym na podstawie w\u0142a\u015bciwych przepis\u00f3w prawa (np. organom \u015bcigania).<\/p>\n\n\n\n<p>7. Usuni\u0119cie danych osobowych mo\u017ce nast\u0105pi\u0107 na skutek cofni\u0119cia zgody, b\u0105d\u017a wniesienia prawnie dopuszczalnego sprzeciwu na przetwarzanie danych osobowych.<\/p>\n\n\n\n<p>8. Us\u0142ugodawca nie udost\u0119pnia danych osobowych innym podmiotom ani\u017celi upowa\u017cnionym na podstawie w\u0142a\u015bciwych przepis\u00f3w prawa.<\/p>\n\n\n\n<p>9. Dane osobowe przetwarzaj\u0105 osoby wy\u0142\u0105cznie upowa\u017cnione przez nas albo przetwarzaj\u0105cy, z kt\u00f3rymi \u015bci\u015ble wsp\u00f3\u0142pracujemy.<\/p>\n\n\n\n<h2 class=\"wp-block-heading\">\u00a73. Pliki cookies<\/h2>\n\n\n\n<ol class=\"wp-block-list\"><li>Witryna wlamparski.pl u\u017cywa cookies. S\u0105 to niewielkie pliki tekstowe wysy\u0142ane przez serwer www i przechowywane przez oprogramowanie komputera przegl\u0105darki. Kiedy przegl\u0105darka ponownie po\u0142\u0105czy si\u0119 ze stron\u0105, witryna rozpoznaje rodzaj urz\u0105dzenia, z kt\u00f3rego \u0142\u0105czy si\u0119 u\u017cytkownik. Parametry pozwalaj\u0105 na odczytanie informacji w nich zawartych jedynie serwerowi, kt\u00f3ry je utworzy\u0142. Cookies u\u0142atwiaj\u0105 wi\u0119c korzystanie z wcze\u015bniej odwiedzonych witryn.<\/li><li>Gromadzone informacje dotycz\u0105 adresu IP, typu wykorzystywanej przegl\u0105darki, j\u0119zyka, rodzaju systemu operacyjnego, dostawcy us\u0142ug internetowych, informacji o czasie i dacie, lokalizacji oraz informacji przesy\u0142anych do witryny za po\u015brednictwem formularza komentarzy.<\/li><li>Zebrane dane s\u0142u\u017c\u0105 do monitorowania i sprawdzenia, w jaki spos\u00f3b u\u017cytkownicy korzystaj\u0105 z naszej witryny, aby usprawnia\u0107 funkcjonowanie serwisu zapewniaj\u0105c bardziej efektywn\u0105 i bezproblemow\u0105 nawigacj\u0119. Monitorowania informacji o u\u017cytkownikach dokonujemy korzystaj\u0105c z narz\u0119dzia Google Analytics, kt\u00f3re rejestruj\u0105 zachowanie u\u017cytkownika na stronie.<\/li><li>Cookies identyfikuje u\u017cytkownika, co pozwala na dopasowanie tre\u015bci witryny, z kt\u00f3rej korzysta, do jego potrzeb. Zapami\u0119tuj\u0105c jego preferencje, umo\u017cliwia odpowiednie dopasowanie skierowanych do niego reklam. Stosujemy pliki cookies, aby zagwarantowa\u0107 najwy\u017cszy standard wygody naszego serwisu, a zebrane dane s\u0105 wykorzystywane jedynie wewn\u0105trz firmy.<\/li><\/ol>\n\n\n\n<h3 class=\"wp-block-heading\">Komentarze<\/h3>\n\n\n\n<ol class=\"wp-block-list\"><li>Kiedy odwiedzaj\u0105cy witryn\u0119 zostawia komentarz, zbieramy dane widoczne w formularzu komentowania, jak i adres IP odwiedzaj\u0105cego oraz podpis jego przegl\u0105darki, jako pomoc przy wykrywaniu spamu.<\/li><\/ol>\n\n\n\n<h3 class=\"wp-block-heading\">Pozosta\u0142e<\/h3>\n\n\n\n<p>U\u017cytkownik w ka\u017cdej chwili ma mo\u017cliwo\u015b\u0107 wy\u0142\u0105czenia lub przywr\u00f3cenia opcji gromadzenia cookies poprzez zmian\u0119 ustawie\u0144 w przegl\u0105darce internetowej. Instrukcja zarz\u0105dzania plikami cookies jest dost\u0119pna na odpowiednich stronach:<\/p>\n\n\n\n<ul class=\"wp-block-list\"><li>Ustawienia plik\u00f3w cookies&nbsp;<a href=\"https:\/\/support.microsoft.com\/pl-pl\/help\/278835\/how-to-delete-cookie-files-in-internet-explorer\" rel=\"noreferrer noopener\" target=\"_blank\">Internet Explorer<\/a><\/li><li>Ustawienia plik\u00f3w cookies&nbsp;<a href=\"https:\/\/support.google.com\/chrome\/answer\/95647?hl=pl\" rel=\"noreferrer noopener\" target=\"_blank\">Chrome<\/a><\/li><li>Ustawienia plik\u00f3w cookies&nbsp;<a href=\"https:\/\/support.mozilla.org\/pl\/kb\/W%C5%82%C4%85czanie%20i%20wy%C5%82%C4%85czanie%20obs%C5%82ugi%20ciasteczek\" rel=\"noreferrer noopener\" target=\"_blank\">Firefox<\/a><\/li><li>Ustawienia plik\u00f3w cookies&nbsp;<a href=\"http:\/\/help.opera.com\/Windows\/12.10\/pl\/cookies.html\" rel=\"noreferrer noopener\" target=\"_blank\">Opera<\/a><\/li><li>Ustawienia plik\u00f3w cookies&nbsp;<a href=\"https:\/\/support.apple.com\/kb\/PH5042?locale=en_US\" rel=\"noreferrer noopener\" target=\"_blank\">Safari<\/a><\/li><li>Pliki cookies w&nbsp;<a href=\"https:\/\/support.google.com\/chrome\/answer\/95647?hl=pl\" rel=\"noreferrer noopener\" target=\"_blank\">Android<\/a><\/li><li>Pliki cookies w&nbsp;<a href=\"https:\/\/help.blackberry.com\/pl\/blackberry-classic\/10.3.1\/help\/mwa1334238823957.html\" rel=\"noreferrer noopener\" target=\"_blank\">Blackberry<\/a><\/li><li>Pliki cookies w&nbsp;<a href=\"https:\/\/support.apple.com\/pl-pl\/HT201265\" rel=\"noreferrer noopener\" target=\"_blank\">iOS (Safari)<\/a><\/li><li>Pliki cookies w&nbsp;<a href=\"https:\/\/support.microsoft.com\/pl-pl\/help\/11696\/windows-phone-7\" rel=\"noreferrer noopener\" target=\"_blank\">Windows Phone<\/a><\/li><\/ul>\n\n\n\n<p>Serwis wykorzystuje r\u00f3wnie\u017c technologi\u0119 firm zewn\u0119trznych, kt\u00f3re \u015bledz\u0105 dzia\u0142ania u\u017cytkownika: statystyki Google Analytics. Informacje na temat ich polityki prywatno\u015bci znajdziecie na odpowiednich stronach podanych ni\u017cej:<\/p>\n\n\n\n<ul class=\"wp-block-list\"><li>Google \u2013 \u00a0<a rel=\"noreferrer noopener\" href=\"https:\/\/www.google.com\/intl\/en\/policies\/privacy\/\" target=\"_blank\">http:\/\/www.google.com\/intl\/en\/policies\/privacy\/<\/a><\/li><\/ul>\n\n\n\n<p>Dodatkowe dane osobowe, jak adres e-mail, zbierane s\u0105 jedynie w miejscach, w kt\u00f3rych u\u017cytkownik wype\u0142niaj\u0105c formularz wyra\u017anie wyrazi\u0142 na to zgod\u0119. Powy\u017csze dane zachowujemy i wykorzystujemy tylko do potrzeb niezb\u0119dnych do wykonania danej funkcji.<\/p>\n\n\n\n<p><em>Niniejsza polityka prywatno\u015bci wchodzi w \u017cycie z dn. 01.04.2021r.<\/em><\/p>\n","protected":false},"excerpt":{"rendered":"<p>\u00a7.1 Postanowienia Og\u00f3lne Administratorem danych jest Waldemar Lamparski ul. Farna 1, 89- 400 S\u0119p\u00f3lno Kraje\u0144skie. Ochrona danych odbywa si\u0119 zgodnie z wymogami powszechnie obowi\u0105zuj\u0105cych przepis\u00f3w prawa, a ich przechowywanie ma miejsce na zabezpieczonych serwerach firmy kru.pl. Na potrzeby lepszego odbioru Polityki Prywatno\u015bci termin \u201eU\u017cytkownik\u201d zast\u0105piony zosta\u0142 okre\u015bleniem \u201eTy\u201d, \u201eAdministrator\u201d \u2013 \u201eMy\u201d.\u00a0\u00a0Termin \u201eRODO\u201d oznacza Rozporz\u0105dzenie Parlamentu [&hellip;]<\/p>\n","protected":false},"author":1,"featured_media":0,"parent":0,"menu_order":0,"comment_status":"closed","ping_status":"closed","template":"","meta":{"footnotes":""},"class_list":["post-388","page","type-page","status-publish","hentry"],"_links":{"self":[{"href":"https:\/\/www.wlamparski.pl\/index.php?rest_route=\/wp\/v2\/pages\/388","targetHints":{"allow":["GET"]}}],"collection":[{"href":"https:\/\/www.wlamparski.pl\/index.php?rest_route=\/wp\/v2\/pages"}],"about":[{"href":"https:\/\/www.wlamparski.pl\/index.php?rest_route=\/wp\/v2\/types\/page"}],"author":[{"embeddable":true,"href":"https:\/\/www.wlamparski.pl\/index.php?rest_route=\/wp\/v2\/users\/1"}],"replies":[{"embeddable":true,"href":"https:\/\/www.wlamparski.pl\/index.php?rest_route=%2Fwp%2Fv2%2Fcomments&post=388"}],"version-history":[{"count":0,"href":"https:\/\/www.wlamparski.pl\/index.php?rest_route=\/wp\/v2\/pages\/388\/revisions"}],"wp:attachment":[{"href":"https:\/\/www.wlamparski.pl\/index.php?rest_route=%2Fwp%2Fv2%2Fmedia&parent=388"}],"curies":[{"name":"wp","href":"https:\/\/api.w.org\/{rel}","templated":true}]}}